e thousands digit of 164755340?
5
What is the ten thousands digit of 2431881965?
8
What is the ten millions digit of 92495623?
9
What is the billions digit of 1804687603?
1
What is the units digit of 1785818264?
4
What is the millions digit of 1271250195?
1
What is the hundreds digit of 818333440?
4
What is the hundred millions digit of 2398336976?
3
What is the hundreds digit of 946292905?
9
What is the units digit of 130659004?
4
What is the hundreds digit of 4217263975?
9
What is the ten thousands digit of 185950250?
5
What is the units digit of 964953915?
5
What is the thousands digit of 57564979?
4
What is the hundreds digit of 305552399?
3
What is the millions digit of 634694412?
4
What is the millions digit of 233120831?
3
What is the thousands digit of 38396836?
6
What is the millions digit of 2014184575?
4
What is the thousands digit of 17166982?
6
What is the hundred millions digit of 850690334?
8
What is the units digit of 14733255?
5
What is the hundred thousands digit of 13397160?
3
What is the ten thousands digit of 73793332?
9
What is the hundreds digit of 185700092?
0
What is the ten millions digit of 785907487?
8
What is the ten millions digit of 325812222?
2
What is the hundred millions digit of 686606826?
6
What is the billions digit of 3651897449?
3
What is the units digit of 112254023?
3
What is the hundred millions digit of 210068466?
2
What is the hundreds digit of 3475516611?
6
What is the units digit of 94842331?
1
What is the tens digit of 401106358?
5
What is the thousands digit of 539860502?
0
What is the ten millions digit of 55021908?
5
What is the thousands digit of 2133724537?
4
What is the units digit of 637243326?
6
What is the thousands digit of 35867193?
7
What is the hundred thousands digit of 51783984?
7
What is the tens digit of 30765951?
5
What is the millions digit of 49136166?
9
What is the hundred thousands digit of 877228471?
2
What is the hundred thousands digit of 19855941?
8
What is the units digit of 1877092049?
9
What is the ten millions digit of 6457382977?
5
What is the units digit of 51504603?
3
What is the hundred millions digit of 327127599?
3
What is the ten thousands digit of 44454879?
5
What is the units digit of 203532726?
6
What is the ten thousands digit of 342424142?
2
What is the ten millions digit of 391908810?
9
What is the hundred thousands digit of 1837520807?
5
What is the units digit of 875398936?
6
What is the ten thousands digit of 62558086?
5
What is the hundred millions digit of 241932774?
2
What is the hundred millions digit of 843781311?
8
What is the thousands digit of 32941678?
1
What is the thousands digit of 2010922775?
2
What is the thousands digit of 12921232?
1
What is the millions digit of 2193578047?
3
What is the ten thousands digit of 88135621?
3
What is the millions digit of 10897722?
0
What is the millions digit of 395900204?
5
What is the tens digit of 566382894?
9
What is the thousands digit of 35591760?
1
What is the thousands digit of 1530236815?
6
What is the hundred thousands digit of 1394597517?
5
What is the hundred millions digit of 775062555?
7
What is the ten millions digit of 65942275?
6
What is the thousands digit of 600076729?
6
What is the millions digit of 3871413706?
1
What is the ten millions digit of 224552868?
2
What is the ten millions digit of 165187269?
6
What is the ten thousands digit of 18510639?
1
What is the ten millions digit of 24213859?
2
What is the millions digit of 58213681?
8
What is the ten thousands digit of 2774574610?
7
What is the hundred thousands digit of 395319756?
3
What is the hundreds digit of 48772693?
6
What is the hundred thousands digit of 5445055?
4
What is the hundred thousands digit of 5801313317?
3
What is the units digit of 1034029278?
8
What is the ten thousands digit of 133757597?
5
What is the ten millions digit of 11550022?
1
What is the hundred thousands digit of 263693597?
6
What is the hundreds digit of 299335547?
5
What is the ten thousands digit of 1599431065?
3
What is the ten millions digit of 64000339?
6
What is the ten thousands digit of 14090656?
9
What is the billions digit of 2462637840?
2
What is the millions digit of 390273819?
0
What is the hundred thousands digit of 131470184?
4
What is the tens digit of 2793190619?
1
What is the thousands digit of 268153778?
3
What is the hundreds digit of 31777009?
0
What is the ten millions digit of 2857766556?
5
What is the units digit of 24164722?
2
What is the tens digit of 71889931?
3
What is the thousands digit of 44712210?
2
What is the millions digit of 38113691?
8
What is the thousands digit of 660190722?
0
What is the millions digit of 7377537?
7
What is the units digit of 83161424?
4
What is the thousands digit of 4495553514?
3
What is the thousands digit of 499138246?
8
What is the hundred thousands digit of 560012904?
0
What is the ten thousands digit of 841279826?
7
What is the ten thousands digit of 20917375?
1
What is the units digit of 11501909?
9
What is the hundred thousands digit of 13570524?
5
What is the units digit of 223388078?
8
What is the hundred thousands digit of 6635352603?
3
What is the hundred thousands digit of 5097420879?
4
What is the hundred millions digit of 147038350?
1
What is the hundreds digit of 154805719?
7
What is the tens digit of 125309890?
9
What is the millions digit of 1733954?
1
What is the ten thousands digit of 7852159?
5
What is the millions digit of 101805899?
1
What is the tens digit of 84018792?
9
What is the hundred millions digit of 174778232?
1
What is the ten millions digit of 361641932?
6
What is the ten thousands digit of 3075627636?
2
What is the hundreds digit of 19509939?
9
What is the thousands digit of 2915173100?
3
What is the units digit of 170193947?
7
What is the millions digit of 373840843?
3
What is the millions digit of 583786658?
3
What is the tens digit of 488352695?
9
What is the hundreds digit of 91710426?
4
What is the millions digit of 1369704748?
9
What is the thousands digit of 2236487767?
7
What is the millions digit of 1383353706?
3
What is the hundred thousands digit of 139386230?
3
What is the tens digit of 322734966?
6
What is the ten thousands digit of 275623144?
2
What is the ten thousands digit of 1099974335?
7
What is the thousands digit of 60353468?
3
What is the tens digit of 60995818?
1
What is the ten thousands digit of 178417028?
1
What is the millions digit of 53078820?
3
What is the ten millions digit of 53964209?
5
What is the ten millions digit of 1426046996?
2
What is the tens digit of 3994793380?
8
What is the ten thousands digit of 52636368?
3
What is the thousands digit of 457003181?
3
What is the hundred thousands digit of 95717593?
7
What is the hundreds digit of 59424483?
4
What is the hundred thousands digit of 190803786?
8
What is the millions digit of 62670090?
2
What is the tens digit of 401480821?
2
What is the thousands digit of 53601146?
1
What is the hundreds digit of 2655101804?
8
What is the tens digit of 16612796?
9
What is the millions digit of 103122904?
3
What is the hundred thousands digit of 61288842?
2
What is the ten thousands digit of 1531985778?
8
What is the ten thousands digit of 478897793?
9
What is the hundred thousands digit of 623297974?
2
What is the billions digit of 1123178382?
1
What is the hundred thousands digit of 261420247?
4
What is the ten thousands digit of 83329100?
2
What is the hundred millions digit of 1254729731?
2
What is the thousands digit of 167501435?
1
What is the ten millions digit of 1379066924?
7
What is the ten millions digit of 330295193?
3
What is the hundred thousands digit of 91647936?
6
What is the units digit of 102632277?
7
What is the ten millions digit of 176212250?
7
What is the thousands digit of 1498120857?
0
What is the thousands digit of 290253312?
3
What is the tens digit of 754728138?
3
What is the ten millions digit of 1180343412?
8
What is the thousands digit of 134386525?
6
What is the millions digit of 234484364?
4
What is the tens digit of 1155917523?
2
What is the millions digit of 1585076361?
5
What is the millions digit of 280200107?
0
What is the thousands digit of 1119556546?
6
What is the units digit of 4417966321?
1
What is the units digit of 1493843282?
2
What